t 10 (base 4) to base 11.
4
Convert -8 (base 11) to base 3.
-22
What is 0 (base 10) in base 8?
0
20 (base 4) to base 10
8
Convert 10 (base 4) to base 11.
4
a (base 15) to base 9
11
27 (base 15) to base 6
101
Convert 8 (base 15) to base 4.
20
Convert -114 (base 5) to base 9.
-37
What is 25 (base 8) in base 15?
16
Convert 1 (base 4) to base 9.
1
What is 2 (base 14) in base 7?
2
Convert -10 (base 5) to base 16.
-5
Convert 78 (base 13) to base 15.
69
What is 4 (base 8) in base 13?
4
Convert -25 (base 12) to base 2.
-11101
What is -137 (base 11) in base 8?
-241
3 (base 11) to base 15
3
Convert 0 (base 5) to base 12.
0
-4 (base 10) to base 13
-4
Convert 111010 (base 2) to base 12.
4a
What is 88 (base 12) in base 3?
10212
-5a (base 15) to base 14
-61
What is -4 (base 16) in base 6?
-4
What is 29 (base 14) in base 4?
211
Convert -1 (base 3) to base 13.
-1
Convert -381 (base 9) to base 12.
-224
3b (base 14) to base 7
104
What is -13 (base 6) in base 16?
-9
What is -25 (base 10) in base 11?
-23
-200 (base 3) to base 6
-30
Convert 44 (base 6) to base 5.
103
What is -20000 (base 3) in base 16?
-a2
3 (base 11) to base 14
3
Convert -143 (base 7) to base 2.
-1010000
Convert -1 (base 3) to base 10.
-1
Convert 41 (base 10) to base 9.
45
What is -100 (base 2) in base 6?
-4
Convert 0 (base 13) to base 5.
0
-1100 (base 2) to base 14
-c
Convert -43 (base 11) to base 15.
-32
What is -4 (base 10) in base 11?
-4
-111 (base 2) to base 8
-7
-1 (base 3) to base 10
-1
What is 2 (base 13) in base 9?
2
What is 20 (base 9) in base 12?
16
What is -11 (base 9) in base 3?
-101
What is -1 (base 16) in base 6?
-1
What is 0 (base 6) in base 7?
0
What is 1243 (base 5) in base 9?
240
Convert 485 (base 9) to base 3.
112212
6 (base 8) to base 2
110
What is 12 (base 7) in base 6?
13
What is -40 (base 5) in base 14?
-16
Convert 30 (base 6) to base 9.
20
2 (base 6) to base 14
2
Convert -47 (base 16) to base 3.
-2122
50 (base 11) to base 3
2001
Convert 25 (base 13) to base 7.
43
What is -2 (base 6) in base 10?
-2
What is 5 (base 8) in base 16?
5
What is -3 (base 9) in base 10?
-3
Convert -34 (base 15) to base 10.
-49
-416 (base 9) to base 10
-339
What is -b (base 13) in base 15?
-b
Convert 23 (base 4) to base 15.
b
What is 1c (base 13) in base 16?
19
What is 7 (base 15) in base 13?
7
Convert 0 (base 6) to base 7.
0
What is 35 (base 16) in base 12?
45
What is -111 (base 3) in base 13?
-10
-110011 (base 2) to base 10
-51
Convert -188 (base 10) to base 11.
-161
-7 (base 16) to base 5
-12
-1 (base 13) to base 6
-1
-34 (base 6) to base 8
-26
1 (base 5) to base 15
1
Convert 15 (base 9) to base 4.
32
-3 (base 8) to base 14
-3
What is -1 (base 11) in base 16?
-1
What is 0 (base 10) in base 12?
0
Convert 43 (base 8) to base 6.
55
Convert 223 (base 10) to base 6.
1011
What is 71 (base 12) in base 4?
1111
67 (base 11) to base 7
133
-10 (base 4) to base 3
-11
What is 1f (base 16) in base 6?
51
1 (base 16) to base 3
1
Convert -20 (base 16) to base 4.
-200
Convert -12 (base 9) to base 16.
-b
Convert -1 (base 7) to base 15.
-1
What is -178 (base 16) in base 2?
-101111000
What is -32 (base 4) in base 5?
-24
-1 (base 3) to base 11
-1
-1230 (base 4) to base 8
-154
What is -8 (base 14) in base 12?
-8
What is 2 (base 6) in base 4?
2
-3b (base 15) to base 13
-44
What is -2004 (base 5) in base 15?
-11e
Convert 6 (base 8) to base 16.
6
Convert -37 (base 12) to base 11.
-3a
15 (base 14) to base 8
23
What is 51 (base 9) in base 3?
1201
What is 136 (base 11) in base 15?
aa
What is 12b (base 13) in base 11?
178
What is -15 (base 7) in base 8?
-14
9 (base 16) to base 3
100
What is 4 (base 16) in base 6?
4
What is 0 (base 10) in base 11?
0
What is 3 (base 10) in base 9?
3
-2 (base 16) to base 8
-2
What is -9 (base 14) in base 12?
-9
What is -42 (base 15) in base 8?
-76
Convert -a4 (base 13) to base 16.
-86
111 (base 2) to base 10
7
-10 (base 3) to base 11
-3
What is -4 (base 12) in base 2?
-100
What is -24 (base 10) in base 15?
-19
Convert 20 (base 6) to base 7.
15
-1a (base 12) to base 9
-24
Convert -121 (base 5) to base 4.
-210
11 (base 12) to base 9
14
What is 60 (base 9) in base 12?
46
Convert -53 (base 15) to base 7.
-141
What is -1210 (base 3) in base 6?
-120
Convert -2 (base 15) to base 3.
-2
Convert -200 (base 4) to base 3.
-1012
3 (base 13) to base 5
3
222 (base 6) to base 3
10012
What is 7d (base 14) in base 9?
133
-7 (base 8) to base 3
-21
-202 (base 6) to base 5
-244
What is 11 (base 3) in base 11?
4
Convert 33 (base 5) to base 9.
20
Convert -2 (base 5) to base 16.
-2
What is 1 (base 13) in base 4?
1
What is -24 (base 6) in base 5?
-31
Convert -1022 (base 5) to base 6.
-345
What is -44 (base 8) in base 11?
-33
14 (base 11) to base 5
30
What is 16 (base 8) in base 16?
e
Convert -4 (base 15) to base 12.
-4
Convert -101 (base 4) to base 8.
-21
What is -5 (base 10) in base 4?
-11
3 (base 9) to base 10
3
What is -56 (base 12) in base 8?
-102
What is 7 (base 14) in base 7?
10
What is 9 (base 15) in base 16?
9
Convert -1111 (base 2) to base 15.
-10
What is -25 (base 6) in base 8?
-21
-203 (base 4) to base 6
-55
What is -13 (base 10) in base 5?
-23
211 (base 5) to base 12
48
What is -17 (base 12) in base 6?
-31
Convert -33 (base 12) to base 16.
-27
24 (base 15) to base 16
22
What is -57 (base 9) in base 3?
-1221
What is -2 (base 14) in base 2?
-10
Convert 14 (base 5) to base 8.
11
Convert -45 (base 11) to base 5.
-144
What is 42 (base 14) in base 15?
3d
Convert 12 (base 6) to base 8.
10
-42 (base 5) to base 7
-31
What is 7 (base 13) in base 8?
7
What is 1 (base 13) in base 8?
1
What is 87 (base 10) in base 8?
127
Convert -2 (base 16) to base 3.
-2
What is -9 (base 13) in base 10?
-9
What is 4 (base 8) in base 7?
4
Convert -11 (base 4) to base 15.
-5
-c (base 15) to base 9
-13
What is -11 (base 3) in base 2?
-100
Convert -17 (base 12) to base 6.
-31
Convert -45 (base 13) to base 8.
-71
111100 (base 2) to base 8
74
a (base 12) to base 13
a
0 (base 2) to base 12
0
52 (base 8) to base 11
39
-8 (base 12) to base 7
-11
3 (base 12) to base 4
3
-15 (base 11) to base 10
-16
-230 (base 10) to base 16
-e6
What is -10 (base 4) in base 6?
-4
What is -2d (base 16) in base 11?
-41
0 (base 8) to base 5
0
Convert 46 (base 11) to base 5.
200
What is 0 (base 6) in base 3?
0
-5 (base 10) to base 3
-12
Convert 10 (base 5) to base 13.
5
-11 (base 11) to base 8
-14
Convert -11 (base 7) to base 13.
-8
Convert 0 (base 12) to base 2.
0
60 (base 9) to base 2
110110
What is 23 (base 4) in base 11?
10
What is 0 (base 4) in base 16?
0
What is 21 (base 8) in base 16?
11
What is -10 (base 5) in base 7?
-5
What is 13 (base 6) in base 10?
9
-455 (base 6) to base 16
-b3
-21 (base 3) to base 4
-13
What is -c0 (base 16) in base 12?
-140
What is 1 (base 9) in base 4?
1
What is 1 (base 13) in base 11?
1
What is -61 (base 7) in base 4?
-223
Convert -4 (base 9) to base 3.
-11
Convert 72 (base 16) to base 12.
96
What is -123 (base 4) in base 15?
-1c
-5 (base 16) to base 10
-5
Convert 17 (base 13) to base 6.
32
What is 0 (base 6) in base 8?
0
41 (base 9) to base 13
2b
What is 9 (base 16) in base 9?
10
What is -1b (base 12) in base 2?
-10111
-100 (base 2) to base 13
-4
6 (base 7) to base 14
6
Convert 0 (base 4) to base 16.
0
What is -1 (base 16) in base 13?
-1
Convert -4 (base 11) to base 12.
-4
-132 (base 12) to base 10
-182
19 (base 12) to base 4
111
-4 (base 15) to base 8
-4
What is 5 (base 11) in base 7?
5
Convert 185 (base 9) to base 16.
9e
-20 (base 12) to base 16
-18
Convert 30 (base 8) to base 14.
1a
What is -12 (base 9) in base 10?
-11
What is -1a (base 11) in base 13?
-18
-143 (base 7) to base 15
-55
-1c (base 13) to base 14
-1b
Convert -55 (base 12) to base 5.
-230
Convert -1 (base 2) to base 12.
-1
4 (base 7) to base 9
4
What is -4f (base 16) in base 14?
-59
Convert 8 (base 9) to base 15.
8
What is 66 (base 8) in base 3?
2000
-1 (base 4) to base 8
-1
Convert -10000 (base 2) to base 8.
-20
Convert 81 (base 11) to base 4.
1121
-4 (base 9) to base 5
-4
What is 142 (base 5) in base 10?
47
Convert -11 (base 2) to base 5.
-3
Convert -59 (base 11) to base 3.
-2101
Convert 2 (base 6) to base 13.
2
5 (base 13) to base 5
10
2 (base 9) to base 2
10
5 (base 10) to base 7
5
What is -110001 (base 2) in base 5?
-144
Convert -23 (base 5) to base 16.
-d
9